001110 (base 2) to base 9.
-6538
Convert -2093 (base 12) to base 13.
-1815
6026 (base 8) to base 12
195a
Convert -156336 (base 7) to base 14.
-b456
What is c3 (base 16) in base 2?
11000011
-16564 (base 10) to base 4
-10002310
1ed (base 16) to base 6
2141
11110111 (base 2) to base 13
160
Convert -14543 (base 6) to base 2.
-100100111111
Convert 150477 (base 9) to base 10.
92248
8bbb (base 13) to base 5
1111324
29eb (base 16) to base 12
6263
-101000110 (base 2) to base 6
-1302
Convert 1001010100001010 (base 2) to base 10.
38154
What is 4021 (base 6) in base 16?
36d
Convert -34515 (base 7) to base 2.
-10001010000000
3384 (base 12) to base 9
7751
Convert 3877 (base 9) to base 11.
2201
What is -103302 (base 5) in base 11?
-2762
What is -16558 (base 9) in base 16?
-2c81
Convert -224322 (base 5) to base 10.
-8087
-b18 (base 14) to base 13
-cb7
What is 43588 (base 9) in base 10?
28916
What is -4201 (base 5) in base 7?
-1415
Convert 6706 (base 12) to base 9.
16546
-1001010 (base 2) to base 7
-134
-130650 (base 7) to base 8
-57423
2332 (base 7) to base 12
5b4
What is a24 (base 16) in base 10?
2596
What is 100132 (base 7) in base 15?
5004
Convert -a938 (base 14) to base 10.
-29254
55166 (base 7) to base 11
a421
Convert -1000010011110 (base 2) to base 8.
-10236
What is -a9 (base 16) in base 8?
-251
Convert 42438 (base 9) to base 16.
6d9d
What is -12b (base 16) in base 9?
-362
Convert 278 (base 12) to base 2.
101111100
What is 2141 (base 8) in base 5?
13441
-1010111 (base 3) to base 4
-30313
-1647 (base 11) to base 6
-13432
What is 18426 (base 9) in base 8?
30705
130032 (base 5) to base 14
1b85
What is -156316 (base 7) in base 6?
-355354
Convert -1044020 (base 5) to base 14.
-6b11
What is -1107 (base 11) in base 16?
-5b3
320223 (base 4) to base 14
1471
-3003143 (base 5) to base 15
-e033
-132a (base 13) to base 3
-10202111
Convert 3232 (base 9) to base 3.
10021002
1340b (base 14) to base 2
1011100101010011
1111110100100 (base 2) to base 7
32421
What is -13113 (base 5) in base 16?
-409
What is 213221 (base 4) in base 11?
19a7
What is 226 (base 12) in base 13?
1b6
23305 (base 10) to base 14
86c9
-212031 (base 4) to base 13
-1161
-112 (base 7) to base 3
-2011
-2288 (base 11) to base 6
-21520
Convert -4044 (base 5) to base 8.
-1014
44 (base 6) to base 15
1d
-6823 (base 13) to base 15
-44ad
What is 22280 (base 9) in base 12?
86a6
What is -244 (base 13) in base 15?
-1b4
What is 4022 (base 6) in base 10?
878
What is -2366 (base 9) in base 11?
-1361
-31 (base 14) to base 16
-2b
334432 (base 5) to base 16
2e5b
200103 (base 4) to base 14
a79
-272 (base 9) to base 13
-146
Convert -45753 (base 10) to base 16.
-b2b9
Convert -30220 (base 4) to base 6.
-3424
-511 (base 9) to base 15
-1ca
What is -1033344 (base 5) in base 15?
-54d4
Convert 6498 (base 11) to base 8.
20601
Convert -3226 (base 10) to base 14.
-1266
-2543 (base 7) to base 8
-1702
Convert 1160 (base 9) to base 10.
864
What is -523 (base 11) in base 8?
-1166
Convert -1000011110 (base 2) to base 7.
-1403
Convert 13706 (base 10) to base 7.
54650
Convert -788 (base 15) to base 14.
-899
What is 2889 (base 14) in base 16?
1c09
What is -15c (base 16) in base 4?
-11130
What is 1643 (base 10) in base 7?
4535
What is 1200010 (base 3) in base 10?
1218
What is -3444 (base 11) in base 10?
-4525
-5 (base 8) to base 11
-5
What is -10110100101 (base 2) in base 5?
-21240
Convert -2eab (base 16) to base 15.
-3817
What is -213301 (base 4) in base 8?
-4761
-1302000 (base 4) to base 12
-4280
What is 1110010100 (base 2) in base 9?
1227
Convert 101101 (base 2) to base 15.
30
What is -15790 (base 10) in base 5?
-1001130
Convert -1132033 (base 5) to base 13.
-9682
885 (base 10) to base 9
1183
What is -100111100011 (base 2) in base 7?
-10244
What is -2011102 (base 3) in base 4?
-120221
Convert -112 (base 3) to base 8.
-16
-371 (base 8) to base 4
-3321
What is -11312 (base 4) in base 2?
-101110110
What is -5a4 (base 15) in base 16?
-4ff
Convert -2436 (base 8) to base 10.
-1310
-1371a (base 12) to base 11
-19280
What is -1011001010 (base 2) in base 15?
-329
What is 3b91 (base 13) in base 11?
648a
What is -c4 (base 16) in base 2?
-11000100
-2a614 (base 11) to base 15
-cc8d
What is 36384 (base 11) in base 7?
305444
Convert -4d3 (base 16) to base 6.
-5415
2625 (base 9) to base 10
1967
What is -2537 (base 8) in base 12?
-967
What is 7a2 (base 14) in base 8?
2752
946 (base 13) to base 15
704
323 (base 5) to base 13
6a
What is 794 (base 16) in base 11?
1504
What is -13321 (base 5) in base 8?
-2076
What is 6254 (base 15) in base 6?
240111
Convert 22113 (base 6) to base 7.
11643
464 (base 15) to base 7
2620
Convert -1000101100001 (base 2) to base 16.
-1161
-22bc (base 14) to base 9
-8257
11000101000 (base 2) to base 16
628
11a17 (base 12) to base 6
302431
-304220 (base 6) to base 14
-8bc0
What is 2755 (base 10) in base 12?
1717
What is 4108 (base 12) in base 4?
1232120
3124144 (base 5) to base 6
1035451
What is 46c (base 13) in base 4?
23332
34118 (base 11) to base 14
13dd9
Convert -102100100 (base 3) to base 14.
-302b
Convert 283 (base 13) to base 12.
311
Convert -22532 (base 8) to base 4.
-2111122
-243443 (base 5) to base 11
-6a48
7b1 (base 14) to base 6
11023
1179 (base 14) to base 11
2320
What is -462 (base 10) in base 12?
-326
Convert -263 (base 12) to base 10.
-363
Convert -21022031 (base 4) to base 13.
-140cc
1bd (base 15) to base 11
337
1102020 (base 4) to base 3
21012200
Convert -120003 (base 5) to base 16.
-111a
-16016 (base 7) to base 4
-1011320
625b (base 16) to base 4
12021123
Convert 265 (base 8) to base 10.
181
212012 (base 3) to base 13
392
Convert 4042 (base 7) to base 12.
98a
Convert 100b (base 15) to base 10.
3386
3303 (base 5) to base 12
319
Convert 3032023 (base 4) to base 11.
9a06
Convert 21111101 (base 3) to base 9.
7441
What is 1334 (base 15) in base 8?
10003
Convert -4034 (base 5) to base 8.
-1007
520 (base 9) to base 16
1a7
Convert -7d78 (base 15) to base 7.
-140510
Convert 33548 (base 10) to base 7.
166544
Convert -ba37 (base 15) to base 10.
-39427
What is -14e3 (base 15) in base 12?
-2720
Convert 34032 (base 7) to base 4.
2012112
Convert 589 (base 12) to base 3.
1010120
Convert -2417 (base 13) to base 7.
-20561
Convert -222100010 (base 3) to base 14.
-6dd6
22212 (base 3) to base 12
17b
What is -10101100111010 (base 2) in base 9?
-16155
What is 181 (base 14) in base 13?
1aa
What is -4042 (base 7) in base 14?
-722
Convert 22100120 (base 3) to base 9.
8316
Convert 1000111110001001 (base 2) to base 13.
13957
-1c37 (base 14) to base 12
-2b89
What is 2f50 (base 16) in base 15?
38c7
What is -e04d (base 15) in base 3?
-2101220201
What is 1011000110 (base 2) in base 16?
2c6
Convert 17146 (base 11) to base 5.
1233004
-14023 (base 5) to base 11
-945
Convert 527 (base 8) to base 6.
1331
-1310 (base 7) to base 5
-3442
37b (base 12) to base 9
645
Convert -10111111100 (base 2) to base 4.
-113330
Convert -222 (base 7) to base 15.
-79
2840 (base 10) to base 7
11165
What is 38 (base 14) in base 10?
50
-11000011000 (base 2) to base 4
-120120
What is 3a54 (base 11) in base 4?
1102032
-14361 (base 7) to base 14
-1631
What is -106 (base 14) in base 3?
-21111
32c2 (base 16) to base 2
11001011000010
-1335 (base 6) to base 14
-1ab
Convert 10110010 (base 2) to base 14.
ca
Convert -1947 (base 11) to base 16.
-9a7
What is 16f (base 16) in base 15?
197
25984 (base 11) to base 6
443502
What is -1352 (base 8) in base 2?
-1011101010
What is -45143 (base 8) in base 14?
-6d23
Convert 44 (base 16) to base 2.
1000100
155b (base 13) to base 5
44433
What is -10101000 (base 3) in base 7?
-10110
528 (base 11) to base 5
10020
Convert -32c (base 15) to base 9.
-876
What is -1165 (base 7) in base 6?
-2011
Convert 1724 (base 12) to base 13.
1348
What is 111121012 (base 3) in base 4?
2122322
What is 1100100010 (base 2) in base 14?
414
-9282 (base 10) to base 13
-42c0
Convert -11aa (base 14) to base 9.
-4213
-8487 (base 10) to base 8
-20447
-2810 (base 15) to base 14
-319b
What is -10100100110111000 (base 2) in base 15?
-1a023
12592 (base 11) to base 8
43131
1763 (base 15) to base 13
23ac
-731 (base 8) to base 12
-335
What is 221314 (base 6) in base 13?
8545
What is -125220 (base 7) in base 16?
-5b8c
What is -414 (base 7) in base 5?
-1312
Convert 22210021 (bas